{"id":12,"date":"2015-01-13T17:52:03","date_gmt":"2015-01-13T17:52:03","guid":{"rendered":"https:\/\/sevimlisurucukursu.com\/?page_id=12"},"modified":"2021-05-28T19:51:18","modified_gmt":"2021-05-28T19:51:18","slug":"sorular","status":"publish","type":"page","link":"https:\/\/sevimlisurucukursu.com\/?page_id=12","title":{"rendered":"\u00c7\u0131km\u0131\u015f Sorular"},"content":{"rendered":"<p><iframe loading=\"lazy\" src=\"https:\/\/sevimlisurucukursu.com\/ehliyet-sinav-sorulari-ocak-2020.pdf\" width=\"1000\" height=\"900\"><\/iframe><\/p>\n","protected":false},"excerpt":{"rendered":"","protected":false},"author":1,"featured_media":0,"parent":0,"menu_order":0,"comment_status":"open","ping_status":"closed","template":"pages\/page-full.php","meta":[],"_links":{"self":[{"href":"https:\/\/sevimlisurucukursu.com\/index.php?rest_route=\/wp\/v2\/pages\/12"}],"collection":[{"href":"https:\/\/sevimlisurucukursu.com\/index.php?rest_route=\/wp\/v2\/pages"}],"about":[{"href":"https:\/\/sevimlisurucukursu.com\/index.php?rest_route=\/wp\/v2\/types\/page"}],"author":[{"embeddable":true,"href":"https:\/\/sevimlisurucukursu.com\/index.php?rest_route=\/wp\/v2\/users\/1"}],"replies":[{"embeddable":true,"href":"https:\/\/sevimlisurucukursu.com\/index.php?rest_route=%2Fwp%2Fv2%2Fcomments&post=12"}],"version-history":[{"count":14,"href":"https:\/\/sevimlisurucukursu.com\/index.php?rest_route=\/wp\/v2\/pages\/12\/revisions"}],"predecessor-version":[{"id":527,"href":"https:\/\/sevimlisurucukursu.com\/index.php?rest_route=\/wp\/v2\/pages\/12\/revisions\/527"}],"wp:attachment":[{"href":"https:\/\/sevimlisurucukursu.com\/index.php?rest_route=%2Fwp%2Fv2%2Fmedia&parent=12"}],"curies":[{"name":"wp","href":"https:\/\/api.w.org\/{rel}","templated":true}]}}